der when 121 is divided by (a - -13) + 2 + 1?
16
Let i(v) = -13*v - 46. Let u be i(-11). Let n = -95 + u. What is the remainder when 13 is divided by n?
1
Let x(j) = -j**2 + 44*j + 477. What is the remainder when 79 is divided by x(-8)?
18
Let b(t) = -t**3 - 7*t**2 + 9*t - 7. Let g be b(-7). Let n = g + 293. Calculate the remainder when n is divided by 45.
43
What is the remainder when 343 is divided by (-17)/(-561)*-9 - 364/(-44)?
7
Let i(b) = 2*b**2 + 214*b + 1078. What is the remainder when 411 is divided by i(-5)?
5
Let g = 463 - 457. Suppose -4*v - 3*s = -137, g*v + 90 = 9*v - 2*s. Calculate the remainder when 78 is divided by v.
14
Suppose -3*r - 6*k - 47 = -2*k, -2*r = -5*k + 62. Let i be (-12972)/r - 6/(-21). Calculate the remainder when 57 is divided by i/42 - 2/(-7).
12
Suppose -22*r + 8019 = 5*p - 18*r, 5*p = -3*r + 8023. Calculate the remainder when p is divided by 27.
14
Suppose i = -4*i + 4*i. Suppose 5*n = -w - 118, -2*w - 2*n - 166 - 110 = i. Let j = -99 - w. Calculate the remainder when j is divided by 12.
8
Calculate the remainder when (-15120)/(-567)*12/5 is divided by 13.
12
What is the remainder when 413 is divided by ((-4800)/(-350))/(6/56)?
29
Suppose -864 = -2*h + 5*h. Let p = h - -420. Calculate the remainder when p is divided by 23.
17
Let n = 45366 - 45261. Calculate the remainder when 2396 is divided by n.
86
Suppose -6*n - 63 = -3*n. Let d = 34 + n. Suppose 3*k = -3*b + 13 - 4, 5*b + 4*k - 16 = 0. Calculate the remainder when d is divided by b.
1
Let n(x) = x**2 - 4*x - 2. Let p be n(-4). Suppose -5*u - 72 = -3*s + p, 2*s + 3*u - 87 = 0. What is the remainder when 40 is divided by s?
1
Suppose -4*o = 4, -3*b + 4*o - 7 + 269 = 0. What is the remainder when b is divided by 85?
1
Let w(l) = 11*l**2 - 47*l - 155. What is the remainder when 94 is divided by w(-3)?
9
Suppose 26*d = -889 + 3957. Let i(u) = -u**2 - 6*u + 7. Calculate the remainder when d is divided by i(-5).
10
Let n(o) = o**2 - 4*o + 7. Suppose -1967 - 4131 = -52*p + 6018. Calculate the remainder when p is divided by n(8).
38
Suppose 0 = -151*k + 38*k - 2153 + 9837. Calculate the remainder when 815 is divided by k.
67
Let v = 2 + -5. Suppose 2*y - 3 = 5*p, 4*y - 10 = 6. What is the remainder when p/v + 3 + (-31)/(-3) is divided by 7?
6
Suppose -4*r = -11*r + 49. Suppose -5*w + 9 = 2*a, 0*a - 2*a + 5*w = 1. What is the remainder when r is divided by a?
1
Let n = -186 - -191. Suppose -3*z + 113 = n*a - 6*z, z = -a + 21. What is the remainder when 55 is divided by a?
11
Let s be 2*(-4 + 3)/((-2)/8). Suppose -6*z + s*z = 40. What is the remainder when 37 is divided by z?
17
Suppose -5*j - 28 + 6 = 4*r, -5*j - 4 = -2*r. What is the remainder when (-24)/(-24) + (78 - -1) + 1 is divided by ((-3)/j)/(-1 - 141/(-132))?
15
Suppose -2*l - 18*l = -8080. Let o(y) = -21*y + 3. Calculate the remainder when l is divided by o(-2).
44
Let c be 3 - ((-4 - -8) + -1). Suppose -56*i + 52*i + f + 647 = c, -3*i - f + 487 = 0. What is the remainder when i is divided by 28?
22
Suppose -6*c + 590 = 6*c - 10*c. Calculate the remainder when c is divided by 30.
25
Let l = -27 + 59. Let v = -71 + 180. Let r = v - 97. What is the remainder when l is divided by r?
8
Let d = -19652 + 19677. What is the remainder when d is divided by 1?
0
Calculate the remainder when 1/(-11 - (4 + 26356/(-1757))) is divided by 873.
11
Calculate the remainder when 2 - -2 - ((-4)/4 + -56) is divided by 11.
6
Let t = 3905 + -3874. Calculate the remainder when t is divided by (-268)/(-22) - (-6)/(-33).
7
Suppose 0*j = 11*j. Suppose i - 4*k - 37 = j, 140 = 5*i - 4*k - k. What is the remainder when 97 is divided by i?
22
Suppose -115*r - 41880 = -165045. What is the remainder when r is divided by 30?
21
Let g(q) = -q**2 + 30*q + 661. Calculate the remainder when g(-12) is divided by 22.
3
Let n = 536 + -224. Calculate the remainder when n is divided by 300.
12
Let j(h) = 2*h**2 + 7. What is the remainder when 34 is divided by j(3)?
9
Let r(u) = u**3 + 5*u**2 + 4*u - 10. Let o be r(-10). Let f = -248 - o. What is the remainder when f is divided by 38?
36
Calculate the remainder when (-16)/14 - 44880/(-168) is divided by 58.
34
Suppose j - 5 = -h, 590 = -5*h + 565. Suppose -94 = 11*d - 9*d. Let i = d + 94. What is the remainder when i is divided by j?
7
Suppose -2254*q - 1406 = -2279*q - 256. Calculate the remainder when 502 is divided by q.
42
Let z be (-7)/1 + 0 - 3. Calculate the remainder when ((-105)/63)/(7/(-21)) is divided by (8/z)/((-8)/20).
1
Suppose -2*x = -125 - 127. Let n = 131 - x. Suppose n*r + 490 = 10*r. Calculate the remainder when r is divided by 10.
8
Let l be ((-142)/(-4))/(4/8). Let t = l + -49. Suppose -5*a - 3*c + 310 = 0, 2*c - 129 + 9 = -2*a. What is the remainder when a is divided by t?
21
Let i be -2*(7 + -5)*3/2. What is the remainder when 6/(60/9 + i) is divided by (2 - 0)/(1/2)?
1
Let q = -234 - -243. Suppose -2*z - 2 = 2*h - 156, -q = -3*h. What is the remainder when 291 is divided by z?
69
Let x(u) = 33*u + 292. Let c be x(0). Suppose 4*w - c = -4*a, -150*a - w + 145 = -148*a. Calculate the remainder when 133 is divided by a.
61
Let z be 0 - -4 - ((1 - 3) + 3). Suppose 3*p - 4*f + 5 = -8*f, z*f = 5*p + 18. Calculate the remainder when (83/(-2))/(p*(-1)/(-6)) is divided by 28.
27
Let n be 2/14 - (-1)/(-7). Let l be (n - 6/4)/(105/1540). Calculate the remainder when 43 is divided by (9 - 4)*l/(-10).
10
Suppose -2835 = -5*a + 165. Suppose 2*m + m - a = 0. Suppose -4*o + 2*y + m = 0, 2*y = -2*o - 2*o + 192. What is the remainder when o is divided by 14?
7
Suppose 1131 = 5*l - 2*z, -354 = -5*l - 2*z + 765. Calculate the remainder when 551 is divided by l.
101
Suppose -u - 4 + 6 = 0. Suppose u*k = 3*h + 6, 0 = -3*k + 5*k + 2*h - 16. Let a(g) = 4*g - 26. What is the remainder when k is divided by a(7)?
0
Let a be -1 - -6 - (-1 - -2). Suppose 2*o - 75 = -0*o + 3*w, -a*o + 141 = 3*w. Let s(b) = b**2 - 2*b + 2. What is the remainder when o is divided by s(-2)?
6
Suppose -39 = -y - j, 3*y + 5*j - 129 + 20 = 0. Suppose 9 = -3*g, 0 = 14*r - 10*r - 5*g - 351. What is the remainder when r is divided by y?
41
Let j(v) = v**3 - 18*v**2 + 106*v + 43. Let u = 160 + -83. What is the remainder when j(10) is divided by u?
72
Let r(y) = -731*y - 35084. Let l(n) = n**3 - n**2 - 5*n + 2. Calculate the remainder when l(3) is divided by r(-48).
1
Let q be ((-1240)/(-30))/(2*(-2)/18). Let u = q + 263. Suppose v = 4*v - 78. What is the remainder when u is divided by v?
25
Suppose -116 = -13*w + 1015. What is the remainder when w is divided by 29?
0
Suppose -277 = -4*o + 3*y, -4*o + 5*y = 56 - 323. What is the remainder when 355 is divided by o?
63
Suppose -2*y - 5*q + 1293 = 0, -232 = -2*y + 3*q + 1021. Let d = y - 547. Calculate the remainder when 326 is divided by d.
65
Suppose 2*w + 196 = -4*h + 6*h, -3*h - 4*w = -329. Suppose -x - 2 = 2, 5*f - 75 = 5*x. What is the remainder when h is divided by f?
4
Let o(i) = i**3 - 12*i**2 - 43*i - 23. Let n be o(15). Suppose 0 = -3*k, -n*q + 4*q + 129 = -5*k. What is the remainder when 300 is divided by q?
42
Suppose 0 = 4*c + 2*c - 390. Suppose -31*q + 33*q = -104. Let a = q + 74. What is the remainder when c is divided by a?
21
Let q(s) = 3*s**3 - 7*s + 2. Let z be q(-4). Let n = -156 - z. Calculate the remainder when n is divided by 3.
0
Let v = -2090 + 2102. Let o = -5 - 4. Let x(n) = n**3 + 10*n**2 - 2*n - 5. What is the remainder when x(o) is divided by v?
10
Let h(c) = -3*c + 76. Let r be h(14). Suppose 2*v = v + r. What is the remainder when v is divided by 19?
15
What is the remainder when 264 is divided by (((-44)/(-55))/((-4)/(-62)))/(2/10)?
16
Suppose 3*f - 6 = 0, -4*x - 231 = -5*x - 2*f. Suppose 0 = q + 2*q + j - x, 5*q - j = 389. Calculate the remainder when 230 is divided by q.
76
Let g = -2130 - -2234. What is the remainder when 354 is divided by g?
42
Calculate the remainder when 423 is divided by (-3)/((575/(-20))/(-23)*6/(-355)).
139
Calculate the remainder when (-41 + -38)/(3*4/(-120)) is divided by 53.
48
Let z = 600 + -558. Let g = 19 + z. What is the remainder when g is divided by 21?
19
Let l(g) = -36*g - 978. What is the remainder when 1525 is divided by l(-40)?
139
Let x = -20354 + 20835. What is the remainder when 969 is divided by x?
7
S